pose 2*m + 36 = 4. Let l = m + 7. Calculate the remainder when (-758)/l + 22/(-99) is divided by 29.
26
Let x(k) = -k**2 + 29*k - 132. Calculate the remainder when x(7) is divided by 2.
0
Let j(p) = -47*p + 131. Calculate the remainder when j(1) is divided by 7.
0
Let q be (22 - 1) + 0 + 3. Let o be ((-68)/6)/(q/36). Let c = 39 + o. What is the remainder when 85 is divided by c?
19
Let y(u) = 10*u + 4. Let l(z) = -z**3 - 6*z**2 + 8*z + 8. Let w be l(-7). Calculate the remainder when 50 is divided by y(w).
8
Suppose -471 - 1440 = -21*x. Calculate the remainder when 102 is divided by x.
11
Let d(w) = -10*w - 5. Let q(y) = 9*y + 5. Let o(f) = -6*d(f) - 7*q(f). Let i be (1 + -5)*18/8. What is the remainder when 65 is divided by o(i)?
21
Let b be (-7 - -6)*(-1 - 15). Calculate the remainder when 76 is divided by (-2 + 0)*(-312)/b.
37
Suppose 0 = -3*c + 43 + 3 + 53. Let y be 10/3 - 2/(-3). Suppose 2*u + 36 = 2*t + 6*u, -72 = -y*t - 5*u. Calculate the remainder when c is divided by t.
15
Suppose 13*i = 602 + 61. Let o = 25 + -7. Calculate the remainder when i is divided by o.
15
Calculate the remainder when 206 is divided by -4 + (-390)/(-25)*(-25)/(-10).
31
Suppose -2*j = 4*m - 12, 2*m - 3*m = -2*j - 13. Suppose t + 296 = m*t. What is the remainder when t is divided by 26?
22
Let q = -1211 + 1316. Calculate the remainder when q is divided by 69.
36
Suppose -2*g = g - 2*j - 26, -5*g = 4*j - 14. Suppose 3*m - 29 = 4*u, -4*m + u - 5*u = 8. Suppose 3*p = 15 - m. What is the remainder when g is divided by p?
2
Suppose 5*f = 338 - 98. Let c = f - 41. What is the remainder when 14 is divided by c?
0
Let u = 12 + -10. Let t be 60/35 + u/7. Suppose 2*i = 4*k - 42, 0*i + i - 19 = -t*k. What is the remainder when 38 is divided by k?
8
Let d(l) = -l**3 - 2*l**2 + l + 26. Calculate the remainder when 74 is divided by d(0).
22
Suppose s - 6 = 4*w, 3*s + 5*w = -9 + 27. Suppose -i + 0*i = -s. What is the remainder when 22 is divided by i?
4
Suppose 228 = -7*j + 879. What is the remainder when j is divided by 12?
9
Let p be (-2)/(2 + -3 + 2). Calculate the remainder when 63 is divided by 34 + (p - -5) + 0 + -3.
29
Let m(q) = q**2 - 9*q + 3. Let o be m(10). Let b = o + -8. Suppose -31*v = -36*v + b. Calculate the remainder when 4 is divided by v.
0
Let c(p) = p**2 - 6*p + 2. Let h be c(6). Let j be 1*-14*(0 - h). Suppose v = -o + 9, o = 5*v - 29 - j. Calculate the remainder when v is divided by 3.
2
Let j(q) = 3*q**2 + q. Let x be j(1). Suppose x*s = 11 + 45. Calculate the remainder when (18 + -12 - 9)*(-18 - -5) is divided by s.
11
Let f(d) = -d**2 + 11*d - 7. Let h be (-4)/22 - (-464)/11. Suppose 6 = 3*y, -y = q + 4*q - h. Calculate the remainder when f(q) is divided by 6.
5
Suppose -4*a + 991 = 3*k, 15*a - 3*k = 14*a + 259. What is the remainder when a is divided by 63?
61
Suppose 5*f + 123 = b, -22*b = -26*b + 5*f + 417. What is the remainder when 280 is divided by b?
84
Let x be 118 - -3*(-2 + 1). Suppose 0 = -5*d - 30 + x. Calculate the remainder when (-4)/(-6) - 296/(-6) is divided by d.
16
Let h = 40 - 27. Suppose p = -4 + h. Calculate the remainder when 26 is divided by p.
8
Suppose 17*m - 55 = 6*m. Calculate the remainder when 28 is divided by m.
3
Let g(h) = 7*h**2 + 2*h. Let u be g(-1). Suppose 459 = u*c + 4*c. Calculate the remainder when 101 is divided by c.
50
Suppose 4*v + 7*v - 99 = 0. Suppose -v*p + 2*p + 336 = 0. Calculate the remainder when p is divided by 13.
9
Let k be 4/(-2)*(-5 - -3)*1. Let u(l) = 5*l - 6. Calculate the remainder when 40 is divided by u(k).
12
What is the remainder when 141 is divided by -4 + 76/18 + (-212)/(-18)?
9
Let k(t) = -7*t - 26. Let q be k(-4). Calculate the remainder when 23 is divided by q/(-4) + (-170)/(-20).
7
What is the remainder when 40 is divided by 150/8*172/129?
15
Let g be 12/66 + 720/33. Suppose -g*h + 90 = -19*h. Calculate the remainder when 147 is divided by h.
27
Let d = -680 + 818. Calculate the remainder when 289 is divided by d.
13
Let a(v) = 24*v - 235. Calculate the remainder when 130 is divided by a(12).
24
Let h(j) = -10*j + 3. Suppose 32 = 5*c - 8. Suppose 3*u + 1 = -c. Calculate the remainder when h(u) is divided by 17.
16
Suppose -29*u + 35*u - 156 = 0. Let x(r) = r**3 + 8*r**2 + 2*r + 13. What is the remainder when x(-6) is divided by u?
21
Let b be (-2)/9 - 1835/90*2. Let j = -18 - b. Calculate the remainder when j is divided by 5.
3
Let o = 220 - 350. Calculate the remainder when -1 - (o - -5) - 2 is divided by 32.
26
Suppose 0 = -3*z + 5*t + 57, 12*z = 10*z + 5*t + 33. Calculate the remainder when 2229 is divided by z.
21
Suppose 3*s = -5*s + 832. Calculate the remainder when s is divided by 18.
14
Let n = -129 - -407. What is the remainder when n is divided by 20?
18
Let h = -49 - -37. Let m = 33 - h. What is the remainder when m is divided by ((-2)/(-10) + 1)*10?
9
Let l be (-1863)/(-21) - 6/63*-3. Suppose m - l = -3*o, -3*o = m - 6*m + 463. Calculate the remainder when m is divided by 19.
16
Suppose -98 = -2*a - l, 3*l - 7 = a - 49. What is the remainder when 335 is divided by a?
47
Let z(h) = -8*h**2 + 10. What is the remainder when 44 is divided by z(0)?
4
Calculate the remainder when 90 is divided by 26 + 30/(-3) - -8.
18
Suppose 5*m = 0, 0 = t - 3*m + 4*m - 3. Let k be 4/50*5 + 84/(-10). Let a(d) = -d**2 - 9*d - 4. Calculate the remainder when a(k) is divided by t.
1
Let b = -4 - -4. Suppose 5 = -b*c + c. Suppose -c*q - 105 = -350. What is the remainder when q is divided by 26?
23
Let h be 45/6*(-24)/(-15). Suppose -4*v + 941 = 349. Calculate the remainder when h/(-18) + v/6 is divided by 13.
11
Let l(o) be the second derivative of o**5/20 + 23*o**4/12 + 10*o**3/3 - 31*o**2/2 + 4*o. Calculate the remainder when 51 is divided by l(-22).
12
Let y(o) = 14*o**3 + o**2 - o. Let h(u) = -15*u - 4. Calculate the remainder when h(-3) is divided by y(1).
13
Suppose -8*q + 3*i + 133 = -4*q, 0 = 3*q + 2*i - 87. Calculate the remainder when 152 is divided by q.
28
Let y = 2 + -7. Let r = y + 13. What is the remainder when 1 + (240/(-2))/(-4) is divided by r?
7
Suppose f - 11 = 16. Let w(x) = x + 24. Let c be w(-16). Suppose -c*i = -2*i - 480. Calculate the remainder when i is divided by f.
26
Suppose 0 = 5*d + 3*f + 51, -d + 2 = 5*f - 1. Calculate the remainder when 28 is divided by (-25)/(-2)*d/(-15).
8
Let m = 1365 + -1330. Let p(z) = z**3 - 2*z**2 - 8*z + 5. What is the remainder when p(6) is divided by m?
31
Suppose -29*f + f + 700 = 0. Let h = 92 - 52. What is the remainder when h is divided by f?
15
Let z = -22 - -41. Let o = 9 - 5. Suppose o = -4*x, -l - 2*x + 3 + 2 = 0. What is the remainder when z is divided by l?
5
Let s(l) = 55*l**2 + 4*l + 31. What is the remainder when s(-6) is divided by 13?
11
Suppose -14 = -5*k - 4*p + 6, 4*p - 20 = 2*k. Suppose 4*j - 7 - 5 = 0, k = -3*h + 4*j - 120. Calculate the remainder when 37 is divided by (480/h)/((-2)/3).
17
Let q(p) = 2*p**2 + 3*p + 2. Let r be q(-2). Suppose -h - n - r*n = -42, -2*h = -2*n - 84. Calculate the remainder when h is divided by 9.
6
Suppose 3*n - 5*u = 33, -8*n + 4*n + 49 = -5*u. Suppose 3*i = i + n. Let a = i + 11. What is the remainder when a is divided by 10?
9
Let j = -24 - -22. Let v be ((-7)/(-3) + j)*-15. Let s = v - -18. Calculate the remainder when 50 is divided by s.
11
Suppose 4 = -12*o + 76. What is the remainder when (0 - 6)/((-2)/7) is divided by o?
3
Let j be (-3)/15 - (1314/(-15))/3. Suppose -j*s = -31*s + 58. Calculate the remainder when 53 is divided by s.
24
Let r = 113 + -47. Let p(o) = 4*o + 5. Suppose 7*z = 4*z + 9. Calculate the remainder when r is divided by p(z).
15
Let g = 16 - 13. Let t(k) = k**3 - 4*k**2 + 4*k - 3. Let l be t(g). Suppose -2*w + l + 4 = 4*p, 2*p = 3*w - 14. What is the remainder when 11 is divided by w?
3
Suppose 0 = n + 2*z - 41, -4*n = -0*n - 4*z - 104. Let y = -81 + 17. Let u = 72 + y. Calculate the remainder when n is divided by u.
7
Let t = 724 - 685. What is the remainder when 150 is divided by t?
33
Suppose -31*p + 105 = -267. Calculate the remainder when ((-5)/2 - -1)*-46 is divided by p.
9
Suppose -4*c + 288 = 4*w, -5*w - 186 = -5*c + 134. What is the remainder when 679 is divided by c?
67
Suppose 3*z + 4*n = -n + 39, -3*z - 2*n = -30. Let l(b) = b**2 - 6*b + 11. Supp